{"id":180,"date":"2022-05-18T22:18:03","date_gmt":"2022-05-18T22:18:03","guid":{"rendered":"https:\/\/kerimelegance.com\/?page_id=180"},"modified":"2022-12-24T15:13:12","modified_gmt":"2022-12-24T15:13:12","slug":"modern-african-elegance","status":"publish","type":"page","link":"https:\/\/kerimelegance.com\/","title":{"rendered":"Modern African Elegance"},"content":{"rendered":"\n<p><\/p>\n\n\n\n<p><\/p>\n\n\n\n<p><\/p>\n\n\n\n<p><\/p>\n\n\n\n<p class=\"has-text-align-center has-large-font-size\"><a href=\"https:\/\/kerimelegance.com\/index.php\/shop\/\">ENTER OUR BOUTIQUE<\/a><\/p>\n\n\n\n<p><\/p>\n\n\n\n<figure class=\"wp-block-image\"><img fetchpriority=\"high\" decoding=\"async\" width=\"992\" height=\"828\" src=\"https:\/\/kerimelegance.com\/wp-content\/uploads\/2022\/05\/Kerimelegance1-3.jpg\" alt=\"\" class=\"wp-image-187\" srcset=\"https:\/\/kerimelegance.com\/wp-content\/uploads\/2022\/05\/Kerimelegance1-3.jpg 992w, https:\/\/kerimelegance.com\/wp-content\/uploads\/2022\/05\/Kerimelegance1-3-300x250.jpg 300w, https:\/\/kerimelegance.com\/wp-content\/uploads\/2022\/05\/Kerimelegance1-3-768x641.jpg 768w, https:\/\/kerimelegance.com\/wp-content\/uploads\/2022\/05\/Kerimelegance1-3-600x501.jpg 600w\" sizes=\"(max-width: 992px) 100vw, 992px\" \/><\/figure>\n\n\n\n<div class=\"wp-block-columns is-layout-flex wp-container-core-columns-is-layout-1 wp-block-columns-is-layout-flex\">\n<div class=\"wp-block-column is-layout-flow wp-block-column-is-layout-flow\"><\/div>\n\n\n\n<div class=\"wp-block-column is-layout-flow wp-block-column-is-layout-flow\"><\/div>\n<\/div>\n\n\n\n<p><\/p>\n\n\n\n<div class=\"wp-block-columns is-layout-flex wp-container-core-columns-is-layout-2 wp-block-columns-is-layout-flex\">\n<div class=\"wp-block-column is-layout-flow wp-block-column-is-layout-flow\">\n<p class=\"has-background has-medium-font-size\" style=\"background-color:#f0c952\">Modern African Elegance<\/p>\n\n\n\n<p>For more than 10 years, at Kerim Elegance, we embody the pinnacle of luxury in African elegance.  We put to honor the excellence of Made In Africa thanks to our craftsmanship.<\/p>\n\n\n\n<p><\/p>\n<\/div>\n\n\n\n<div class=\"wp-block-column is-layout-flow wp-block-column-is-layout-flow\">\n<p class=\"has-black-color has-text-color has-background has-medium-font-size\" style=\"background-color:#f0c95e\"> Our Philosophy<\/p>\n\n\n\n<p>Our tailoring principles use innovation to achieve aesthetic perfection, constantly renewing the models with a special attention to detail and the use of the finest fabrics.<\/p>\n<\/div>\n<\/div>\n\n\n\n<p><\/p>\n\n\n\n<div class=\"wp-block-columns has-black-background-color has-background is-layout-flex wp-container-core-columns-is-layout-3 wp-block-columns-is-layout-flex\">\n<div class=\"wp-block-column is-layout-flow wp-block-column-is-layout-flow\" style=\"flex-basis:25%\"><\/div>\n\n\n\n<div class=\"wp-block-column is-layout-flow wp-block-column-is-layout-flow\" style=\"flex-basis:50%\">\n<p class=\"has-text-align-center has-white-background-color has-background\" style=\"font-size:14px;font-style:italic;font-weight:800\"><a href=\"https:\/\/kerimelegance.com\/index.php\/shop\/\">DISCOVER OUR NEWEST COLLECTIONS<\/a><\/p>\n<\/div>\n\n\n\n<div class=\"wp-block-column is-layout-flow wp-block-column-is-layout-flow\" style=\"flex-basis:25%\"><\/div>\n<\/div>\n\n\n\n<div class=\"wp-block-columns is-layout-flex wp-container-core-columns-is-layout-4 wp-block-columns-is-layout-flex\">\n<div class=\"wp-block-column is-layout-flow wp-block-column-is-layout-flow\">\n<div class=\"wp-block-image\"><figure class=\"aligncenter size-large\"><img decoding=\"async\" width=\"683\" height=\"1024\" src=\"https:\/\/kerimelegance.com\/wp-content\/uploads\/2022\/12\/DSC2690-683x1024.jpg\" alt=\"\" class=\"wp-image-286\" srcset=\"https:\/\/kerimelegance.com\/wp-content\/uploads\/2022\/12\/DSC2690-683x1024.jpg 683w, https:\/\/kerimelegance.com\/wp-content\/uploads\/2022\/12\/DSC2690-200x300.jpg 200w, https:\/\/kerimelegance.com\/wp-content\/uploads\/2022\/12\/DSC2690-768x1152.jpg 768w, https:\/\/kerimelegance.com\/wp-content\/uploads\/2022\/12\/DSC2690-1024x1536.jpg 1024w, https:\/\/kerimelegance.com\/wp-content\/uploads\/2022\/12\/DSC2690-1365x2048.jpg 1365w, https:\/\/kerimelegance.com\/wp-content\/uploads\/2022\/12\/DSC2690-1320x1980.jpg 1320w, https:\/\/kerimelegance.com\/wp-content\/uploads\/2022\/12\/DSC2690-600x900.jpg 600w, https:\/\/kerimelegance.com\/wp-content\/uploads\/2022\/12\/DSC2690-scaled.jpg 1707w\" sizes=\"(max-width: 683px) 100vw, 683px\" \/><figcaption><a href=\"https:\/\/kerimelegance.com\/index.php\/product\/chemise-africa-_-collection-ileemi\/\">Collection \u00ceL\u00c9\u00c9MI<\/a><\/figcaption><\/figure><\/div>\n<\/div>\n\n\n\n<div class=\"wp-block-column is-layout-flow wp-block-column-is-layout-flow\">\n<div class=\"wp-block-image\"><figure class=\"aligncenter size-large\"><img decoding=\"async\" width=\"683\" height=\"1024\" src=\"https:\/\/kerimelegance.com\/wp-content\/uploads\/2022\/12\/DSC2583-683x1024.jpg\" alt=\"\" class=\"wp-image-285\" srcset=\"https:\/\/kerimelegance.com\/wp-content\/uploads\/2022\/12\/DSC2583-683x1024.jpg 683w, https:\/\/kerimelegance.com\/wp-content\/uploads\/2022\/12\/DSC2583-200x300.jpg 200w, https:\/\/kerimelegance.com\/wp-content\/uploads\/2022\/12\/DSC2583-768x1152.jpg 768w, https:\/\/kerimelegance.com\/wp-content\/uploads\/2022\/12\/DSC2583-1024x1536.jpg 1024w, https:\/\/kerimelegance.com\/wp-content\/uploads\/2022\/12\/DSC2583-1365x2048.jpg 1365w, https:\/\/kerimelegance.com\/wp-content\/uploads\/2022\/12\/DSC2583-1320x1980.jpg 1320w, https:\/\/kerimelegance.com\/wp-content\/uploads\/2022\/12\/DSC2583-600x900.jpg 600w, https:\/\/kerimelegance.com\/wp-content\/uploads\/2022\/12\/DSC2583-scaled.jpg 1707w\" sizes=\"(max-width: 683px) 100vw, 683px\" \/><figcaption><a href=\"https:\/\/kerimelegance.com\/index.php\/product\/chemise-africa-_-collection-aladji\/\">Collection ALADJI<\/a><\/figcaption><\/figure><\/div>\n<\/div>\n\n\n\n<div class=\"wp-block-column is-layout-flow wp-block-column-is-layout-flow\">\n<div class=\"wp-block-image\"><figure class=\"aligncenter size-large\"><img loading=\"lazy\" decoding=\"async\" width=\"683\" height=\"1024\" src=\"https:\/\/kerimelegance.com\/wp-content\/uploads\/2022\/12\/DSC2538-683x1024.jpg\" alt=\"\" class=\"wp-image-275\" srcset=\"https:\/\/kerimelegance.com\/wp-content\/uploads\/2022\/12\/DSC2538-683x1024.jpg 683w, https:\/\/kerimelegance.com\/wp-content\/uploads\/2022\/12\/DSC2538-200x300.jpg 200w, https:\/\/kerimelegance.com\/wp-content\/uploads\/2022\/12\/DSC2538-768x1152.jpg 768w, https:\/\/kerimelegance.com\/wp-content\/uploads\/2022\/12\/DSC2538-1024x1536.jpg 1024w, https:\/\/kerimelegance.com\/wp-content\/uploads\/2022\/12\/DSC2538-1365x2048.jpg 1365w, https:\/\/kerimelegance.com\/wp-content\/uploads\/2022\/12\/DSC2538-1320x1980.jpg 1320w, https:\/\/kerimelegance.com\/wp-content\/uploads\/2022\/12\/DSC2538-600x900.jpg 600w, https:\/\/kerimelegance.com\/wp-content\/uploads\/2022\/12\/DSC2538-scaled.jpg 1707w\" sizes=\"(max-width: 683px) 100vw, 683px\" \/><figcaption><a href=\"https:\/\/kerimelegance.com\/index.php\/product\/chemise-africa-_-collection-abed\/\">Collection ABEDI<\/a><\/figcaption><\/figure><\/div>\n<\/div>\n<\/div>\n\n\n\n<p><\/p>\n\n\n\n<p>To create these masterpieces of solidity and comfort, we only choose the best fabrics and material for our products to offer you the best comfort.<\/p>\n\n\n\n<div class=\"wp-block-columns is-layout-flex wp-container-core-columns-is-layout-5 wp-block-columns-is-layout-flex\">\n<div class=\"wp-block-column is-layout-flow wp-block-column-is-layout-flow\">\n<figure class=\"wp-block-image size-full\"><img loading=\"lazy\" decoding=\"async\" width=\"750\" height=\"1000\" src=\"https:\/\/kerimelegance.com\/wp-content\/uploads\/2022\/05\/IMG-20220111-WA0029-3.jpg\" alt=\"\" class=\"wp-image-225\" srcset=\"https:\/\/kerimelegance.com\/wp-content\/uploads\/2022\/05\/IMG-20220111-WA0029-3.jpg 750w, https:\/\/kerimelegance.com\/wp-content\/uploads\/2022\/05\/IMG-20220111-WA0029-3-225x300.jpg 225w, https:\/\/kerimelegance.com\/wp-content\/uploads\/2022\/05\/IMG-20220111-WA0029-3-600x800.jpg 600w\" sizes=\"(max-width: 750px) 100vw, 750px\" \/><figcaption>Modern African Design<\/figcaption><\/figure>\n<\/div>\n\n\n\n<div class=\"wp-block-column is-layout-flow wp-block-column-is-layout-flow\">\n<figure class=\"wp-block-image size-full\"><img loading=\"lazy\" decoding=\"async\" width=\"750\" height=\"1000\" src=\"https:\/\/kerimelegance.com\/wp-content\/uploads\/2022\/05\/IMG-20220111-WA0021-1.jpg\" alt=\"\" class=\"wp-image-226\" srcset=\"https:\/\/kerimelegance.com\/wp-content\/uploads\/2022\/05\/IMG-20220111-WA0021-1.jpg 750w, https:\/\/kerimelegance.com\/wp-content\/uploads\/2022\/05\/IMG-20220111-WA0021-1-225x300.jpg 225w, https:\/\/kerimelegance.com\/wp-content\/uploads\/2022\/05\/IMG-20220111-WA0021-1-600x800.jpg 600w\" sizes=\"(max-width: 750px) 100vw, 750px\" \/><figcaption>Finest Fabrics<\/figcaption><\/figure>\n<\/div>\n\n\n\n<div class=\"wp-block-column is-layout-flow wp-block-column-is-layout-flow\">\n<figure class=\"wp-block-image size-full\"><img loading=\"lazy\" decoding=\"async\" width=\"750\" height=\"1000\" src=\"https:\/\/kerimelegance.com\/wp-content\/uploads\/2022\/05\/IMG-20220111-WA0047-1.jpg\" alt=\"\" class=\"wp-image-227\" srcset=\"https:\/\/kerimelegance.com\/wp-content\/uploads\/2022\/05\/IMG-20220111-WA0047-1.jpg 750w, https:\/\/kerimelegance.com\/wp-content\/uploads\/2022\/05\/IMG-20220111-WA0047-1-225x300.jpg 225w, https:\/\/kerimelegance.com\/wp-content\/uploads\/2022\/05\/IMG-20220111-WA0047-1-600x800.jpg 600w\" sizes=\"(max-width: 750px) 100vw, 750px\" \/><figcaption>Refinement and Style<\/figcaption><\/figure>\n<\/div>\n<\/div>\n\n\n\n<p class=\"has-text-align-center\">At Kerim Elegance, we embody the pinnacle of luxury in African elegance.<\/p>\n","protected":false},"excerpt":{"rendered":"<p>ENTER OUR BOUTIQUE Modern African Elegance For more than 10 years, at Kerim Elegance, we embody the pinnacle of luxury in African elegance. We put to honor the excellence of Made In Africa thanks to our craftsmanship. Our Philosophy Our tailoring principles use innovation to achieve aesthetic perfection, constantly renewing the models with a special [&hellip;]<\/p>\n","protected":false},"author":1,"featured_media":0,"parent":0,"menu_order":0,"comment_status":"closed","ping_status":"closed","template":"","meta":{"om_disable_all_campaigns":false,"_monsterinsights_skip_tracking":false,"_monsterinsights_sitenote_active":false,"_monsterinsights_sitenote_note":"","_monsterinsights_sitenote_category":0,"footnotes":""},"class_list":["post-180","page","type-page","status-publish","hentry"],"aioseo_notices":[],"jetpack_sharing_enabled":true,"_links":{"self":[{"href":"https:\/\/kerimelegance.com\/index.php\/wp-json\/wp\/v2\/pages\/180","targetHints":{"allow":["GET"]}}],"collection":[{"href":"https:\/\/kerimelegance.com\/index.php\/wp-json\/wp\/v2\/pages"}],"about":[{"href":"https:\/\/kerimelegance.com\/index.php\/wp-json\/wp\/v2\/types\/page"}],"author":[{"embeddable":true,"href":"https:\/\/kerimelegance.com\/index.php\/wp-json\/wp\/v2\/users\/1"}],"replies":[{"embeddable":true,"href":"https:\/\/kerimelegance.com\/index.php\/wp-json\/wp\/v2\/comments?post=180"}],"version-history":[{"count":30,"href":"https:\/\/kerimelegance.com\/index.php\/wp-json\/wp\/v2\/pages\/180\/revisions"}],"predecessor-version":[{"id":287,"href":"https:\/\/kerimelegance.com\/index.php\/wp-json\/wp\/v2\/pages\/180\/revisions\/287"}],"wp:attachment":[{"href":"https:\/\/kerimelegance.com\/index.php\/wp-json\/wp\/v2\/media?parent=180"}],"curies":[{"name":"wp","href":"https:\/\/api.w.org\/{rel}","templated":true}]}}